{"id":10,"date":"2015-09-04T17:45:54","date_gmt":"2015-09-04T17:45:54","guid":{"rendered":"http:\/\/www.njuman.se\/?page_id=10"},"modified":"2022-10-04T21:24:54","modified_gmt":"2022-10-04T19:24:54","slug":"om-oss","status":"publish","type":"page","link":"https:\/\/www.njuman.se\/?page_id=10","title":{"rendered":"Om oss"},"content":{"rendered":"<p><img loading=\"lazy\" decoding=\"async\" class=\"alignright size-medium wp-image-8\" src=\"http:\/\/www.njuman.se\/wp-content\/uploads\/2015\/09\/njuman-loggo-512-300x300.png\" alt=\"njuman-loggo-512\" width=\"300\" height=\"300\" srcset=\"https:\/\/www.njuman.se\/wp-content\/uploads\/2015\/09\/njuman-loggo-512-300x300.png 300w, https:\/\/www.njuman.se\/wp-content\/uploads\/2015\/09\/njuman-loggo-512-160x160.png 160w, https:\/\/www.njuman.se\/wp-content\/uploads\/2015\/09\/njuman-loggo-512-150x150.png 150w, https:\/\/www.njuman.se\/wp-content\/uploads\/2015\/09\/njuman-loggo-512.png 512w\" sizes=\"auto, (max-width: 300px) 100vw, 300px\" \/><strong>Dubbelt s\u00e5 bra &#8211; h\u00e4lften s\u00e5 dyrt<\/strong><\/p>\n<p><em>Njuman \u00e4r ett litet men engagerad f\u00f6retag med mycket kreativitet och tekniskt kunnande. Vi h\u00e5ller sj\u00e4lva till i<br \/>\nLessebo men jobbar med kunder fr\u00e5n Sveriges alla h\u00f6rn.<\/em><\/p>\n<p>Njuman matchar kunder med relevanta experter men \u00e4ven utf\u00f6r en rad olika anpassningar efter kundens \u00f6nskem\u00e5l. M\u00e5let \u00e4r att kunden ska p\u00e5 egna villkor f\u00e5 den hj\u00e4lp som efterfr\u00e5gas och beh\u00f6vs.<\/p>\n<p>Att vi \u00e4r ett mindre f\u00f6retag g\u00f6r att kundrelationerna blir v\u00e5r h\u00f6gsta prioritet och att vi \u00e4r n\u00e5bara s\u00e5 gott som dygnet runt vid supportfr\u00e5gor. Kort och gott gillar vi att sk\u00e4mma bort v\u00e5ra kunder med det d\u00e4r lilla extra som m\u00e5nga av de st\u00f6rre akt\u00f6rerna sedan l\u00e4nge gl\u00f6mt bort.<\/p>\n<p>F\u00f6r att spara er tid kan all kontakt med oss utan problem sk\u00f6tas \u00f6ver telefon, Skype eller via email beroende p\u00e5 dina behov och \u00f6nskem\u00e5l. N\u00e4r du ringer oss hamnar du inte i l\u00e5nga telefonk\u00f6er eller hos en supportavdelning som inte kan n\u00e5gonting om just ert f\u00f6retag. Hos Njuman f\u00e5r du tala direkt med oss som faktiskt f\u00f6rst\u00e5r vad du pratar om.<\/p>\n<p>Styrkan med v\u00e5r verksamhet \u00e4r att den \u00e4r komplett. Vad det inneb\u00e4r f\u00f6r dig som kund \u00e4r struktur och trygghet d\u00e5 du alltid vet vem du beh\u00f6ver kontakta med dina fr\u00e5gor och funderingar oavsett om det r\u00f6r sig om f\u00f6rel\u00e4sning, f\u00f6retagets Facebooksida eller en uppdatering av administrativa avtal.<\/p>\n<p>V\u00e5r vision \u00e4r att skapa en enkel l\u00f6sning p\u00e5 uppkomna problem p\u00e5 b\u00e4sta m\u00f6jligaste s\u00e4tt till l\u00e4gsta pris. Vi str\u00e4var efter att du ska k\u00e4nna dig trygg i ditt val och vara n\u00f6jd med resultatet.<\/p>\n<p><img loading=\"lazy\" decoding=\"async\" class=\"alignleft size-thumbnail wp-image-69\" src=\"http:\/\/www.njuman.se\/wp-content\/uploads\/2015\/09\/operations-management-150x150.png\" alt=\"operations management\" width=\"150\" height=\"150\" srcset=\"https:\/\/www.njuman.se\/wp-content\/uploads\/2015\/09\/operations-management-150x150.png 150w, https:\/\/www.njuman.se\/wp-content\/uploads\/2015\/09\/operations-management-160x160.png 160w, https:\/\/www.njuman.se\/wp-content\/uploads\/2015\/09\/operations-management-180x180.png 180w, https:\/\/www.njuman.se\/wp-content\/uploads\/2015\/09\/operations-management-300x300.png 300w, https:\/\/www.njuman.se\/wp-content\/uploads\/2015\/09\/operations-management-50x50.png 50w\" sizes=\"auto, (max-width: 150px) 100vw, 150px\" \/>Vi erbjuder en rad olika kompetenser och \u201dknow-how\u201d f\u00f6r att l\u00f6sa olika utmaningar inom IT, marknadsf\u00f6ring, n\u00e4tverkandet, administration, logistik, personalfr\u00e5gor, rekrytering, installationer, r\u00e5d och st\u00f6d i f\u00f6retagande, f\u00f6rel\u00e4sningar och det mesta inom f\u00f6reningslivet.<\/p>\n<p>V\u00e5r l\u00e5nga erfarenhet har gjort oss rika p\u00e5 erfarenhet och vi s\u00f6ker st\u00e4ndigt nya utmaningar inom olika omr\u00e5den. Det vi inte kan ombes\u00f6rja sj\u00e4lva har vi ett omfattande kontaktn\u00e4tverk med andra samarbetspartners som vi tar hj\u00e4lp av.<\/p>\n<p><strong>Beh\u00f6ver du en samarbetspartner att lita p\u00e5 utan att beh\u00f6va bekymra dig f\u00f6r svajiga resultat eller avancerade tekniska processer?<br \/>\nI s\u00e5 fall\u2026<br \/>\nV\u00e4lkommen till Njuman!<\/strong><\/p>\n","protected":false},"excerpt":{"rendered":"<p>Dubbelt s\u00e5 bra &#8211; h\u00e4lften s\u00e5 dyrt Njuman \u00e4r ett litet men engagerad f\u00f6retag med mycket kreativitet och tekniskt kunnande. Vi h\u00e5ller sj\u00e4lva till i Lessebo men jobbar med kunder fr\u00e5n Sveriges alla h\u00f6rn. Njuman matchar kunder med relevanta experter [&hellip;]<\/p>\n","protected":false},"author":1,"featured_media":74,"parent":0,"menu_order":0,"comment_status":"closed","ping_status":"closed","template":"","meta":{"jetpack_post_was_ever_published":false,"footnotes":""},"class_list":["post-10","page","type-page","status-publish","has-post-thumbnail","hentry"],"jetpack_sharing_enabled":true,"jetpack_shortlink":"https:\/\/wp.me\/P6GMTD-a","jetpack_likes_enabled":true,"_links":{"self":[{"href":"https:\/\/www.njuman.se\/index.php?rest_route=\/wp\/v2\/pages\/10","targetHints":{"allow":["GET"]}}],"collection":[{"href":"https:\/\/www.njuman.se\/index.php?rest_route=\/wp\/v2\/pages"}],"about":[{"href":"https:\/\/www.njuman.se\/index.php?rest_route=\/wp\/v2\/types\/page"}],"author":[{"embeddable":true,"href":"https:\/\/www.njuman.se\/index.php?rest_route=\/wp\/v2\/users\/1"}],"replies":[{"embeddable":true,"href":"https:\/\/www.njuman.se\/index.php?rest_route=%2Fwp%2Fv2%2Fcomments&post=10"}],"version-history":[{"count":6,"href":"https:\/\/www.njuman.se\/index.php?rest_route=\/wp\/v2\/pages\/10\/revisions"}],"predecessor-version":[{"id":1059,"href":"https:\/\/www.njuman.se\/index.php?rest_route=\/wp\/v2\/pages\/10\/revisions\/1059"}],"wp:featuredmedia":[{"embeddable":true,"href":"https:\/\/www.njuman.se\/index.php?rest_route=\/wp\/v2\/media\/74"}],"wp:attachment":[{"href":"https:\/\/www.njuman.se\/index.php?rest_route=%2Fwp%2Fv2%2Fmedia&parent=10"}],"curies":[{"name":"wp","href":"https:\/\/api.w.org\/{rel}","templated":true}]}}